0/12 + 8/12 composite?
False
Let v(c) = -2*c**3 + c**2 - 5*c - 4. Suppose -5*r = -0*r + 35. Let k be 23/r - 4/(-14). Is v(k) composite?
True
Let n = 8198 + 1320. Is n a prime number?
False
Let d(i) = 15*i**2 - 3*i + 5. Is d(-4) prime?
True
Let b(q) = 3*q + 2. Let g(r) = -3*r - 1. Let z(f) = -3*b(f) - 4*g(f). Is z(8) prime?
False
Is (87/12)/((-4)/(-32)) composite?
True
Let x(d) = d + 9. Let w be x(-7). Let l be w/(-3 - 14/(-4)). Is (14/l)/((-2)/(-28)) prime?
False
Let p(a) = 292*a**2 + 8*a + 7. Is p(3) a prime number?
True
Let b(v) = v**3 - 7*v**2 + 5*v + 8. Let s be b(6). Suppose 2*k - 2 = -5*t - s*k, 2*k = 2*t + 10. Is 1*(9 - (t - -4)) a composite number?
False
Let n = -461 - -286. Let a = -108 - n. Is a prime?
True
Let w(h) = -h**2 + 4*h + 1. Let b be w(7). Let c be 24/b*(-10)/3. Let y = 31 + c. Is y a composite number?
True
Is (37/(-2))/(3/(-6)) a prime number?
True
Let o = 26 + -16. Suppose r - 3 = 2*p, 3*r + 1 + o = p. Is 8/20 - 263/r prime?
True
Suppose -4*j + a = -1482 + 275, 5*j - 1510 = a. Is j composite?
True
Suppose 17*i - 17456 - 6327 = 0. Is i a composite number?
False
Let a = 922 + -479. Is a composite?
False
Let f = 2 - 3. Let l be (-1)/f - (-113 + -1). Suppose -l - 26 = -3*y. Is y prime?
True
Suppose -2*l = -4*h - 3122, 4*h - 2 = -6. Is l a composite number?
False
Let u(a) = 5 + a**3 - 2*a**3 + 3*a**2 + 7*a - 8*a**2 - 2*a**2. Is u(-8) composite?
False
Suppose -2*f + 2*o = -32, o = 4*f + 4*o - 36. Is (-42)/4*(-8)/f prime?
True
Let j(z) = z**2 + 5*z - 3. Let w be j(-6). Suppose w*a + 4*n - 73 = 0, 3*n = 5*a + 10 - 122. Suppose -u = -a + 8. Is u composite?
True
Let g(w) = w - 2. Let l be g(2). Suppose l = 3*h - 3*b - 21, -h + 3*h + 1 = -b. Is h a prime number?
True
Let g(l) = 76*l**2 - 2*l + 1. Let v(b) = -b**2 + 1. Let r(u) = g(u) - 2*v(u). Suppose w = 5*w + 4. Is r(w) composite?
False
Let l(t) = -3*t**3 - 3*t**2 - 5*t - 4. Let g(r) = -r + 3. Let i be g(4). Let w be (-1 + -2 - i) + -1. Is l(w) a prime number?
False
Suppose -s - 2 + 3 = 0. Is ((-328)/(-16))/(s/14) a prime number?
False
Is 939/4 + (-19)/(-76) composite?
True
Let l = -2 - -1. Let r(c) = -3*c**3 + 2*c**2 + 2*c + 1. Let d be r(l). Suppose d*i + j = 5*j + 168, -4*j - 57 = -i. Is i composite?
False
Suppose 6*l + 170 = 8*l. Is l a prime number?
False
Let a(m) = m**3 - 5*m**2 + 2*m - 7. Let f be a(5). Suppose 0 = f*u - 0*u - 363. Is u a composite number?
True
Let n(u) = 2*u - 11. Let r be n(8). Let c = 507 + -341. Suppose -3*f = h - 0*f - c, -r*f = 2*h - 329. Is h composite?
False
Suppose -4*z = 2 - 6. Let b = z - -14. Is 6/b + 684/15 composite?
True
Suppose 40 + 6 = 2*k. Let v(r) = 3*r - 1 + 6 - 4*r - 4 + k*r**2. Is v(-3) prime?
True
Suppose 4*o = -5*w + 3*w + 6, 5*o + 9 = 3*w. Let y(r) = 7*r**3 + 5*r**2 + 4*r + 1. Let m be y(-3). Is m/(-10) - w/2 prime?
False
Suppose 2*j - 1251 = -x, 2*j + 550 = 2*x + 1786. Is j a prime number?
False
Suppose -s = -28 - 17. Suppose s = -6*v + 3*v. Is 0 + 0 - 1*v a composite number?
True
Let v(w) = 12*w**3 + 6*w**2 - 3*w - 5. Is v(6) a prime number?
False
Let t(s) = s + 5. Let a be t(-5). Suppose 0 = -3*d - 3*f - 54, 0*d + 3*f + 32 = -2*d. Let b = a - d. Is b a prime number?
False
Is -10*(237/(-15))/(4/10) a composite number?
True
Is 142*12/4 - 4 composite?
True
Suppose -m + 3*c - 25 = 7*c, -3*m = 2*c + 35. Let v = 1 - m. Is v a composite number?
True
Suppose -r + 8 = 3*r. Let c(q) = 47*q - 3. Let s be c(r). Let p = -60 + s. Is p prime?
True
Let n = 45 + 1. Is n composite?
True
Let x = -138 + 317. Is x a prime number?
True
Let t = 45 + 4. Is t prime?
False
Let t be (2/2 - 2) + 19. Suppose 3*v = 6, 2*l - 4*v = 3*l - t. Is l composite?
True
Suppose 5*r = 75 + 10. Let h(y) = 3*y + 3. Let j be h(-3). Let b = r + j. Is b prime?
True
Let j be 5/(3 + (-186)/63). Suppose 3*y = -2*y + j. Is y a composite number?
True
Let a(z) = -2*z**3 - 6*z**2 - 5*z - 5. Let t(x) = -5 + 2 + 4 + x. Let b(r) = a(r) + 4*t(r). Is b(-4) a composite number?
True
Let a(d) = -d**3 + 6*d**2 - 3*d - 5. Let q be a(5). Suppose y - 168 = -5*n, -339 - 155 = -3*y - q*n. Is y a composite number?
False
Let r(v) = 4*v**2 + 9*v + 7. Let z be r(7). Suppose 4*x - 217 = -0*p + p, 5*x = -4*p + z. Let o = x + 91. Is o a composite number?
True
Let o = -255 - -449. Suppose 3*v - v - o = 0. Is v a composite number?
False
Let t(i) = 43*i + 17. Is t(2) a composite number?
False
Suppose 6*n + 220 = 5*n. Let v = n + 551. Is v a prime number?
True
Let j(i) = 5*i**3 + 5*i**2 - i - 1. Let c be j(-4). Let a = c - -356. Is a a composite number?
True
Is 534131/221 - (-2)/17 composite?
False
Suppose -2*s = -5*s + 15. Is (-1)/3*(-442 - s) a composite number?
False
Let f(u) = 16*u**3 - 3*u**2 + u. Suppose 2*b + 4*d - 6 - 6 = 0, 5*b - 8 = d. Is f(b) composite?
True
Let q(x) = x**2 + 4*x + 10. Let h(s) = 2*s**2 + 8*s + 19. Let l(g) = 4*h(g) - 7*q(g). Let m be l(-4). Is 23 - (1 + m/(-2)) composite?
True
Suppose 0 = 5*p - 2*p + 3, 896 = 4*v - 4*p. Is v prime?
True
Suppose 175 = u + 4*u. Let k = u - 3. Suppose 4*m - k = 52. Is m a composite number?
True
Suppose 0 = -6*d + 447 + 171. Is d prime?
True
Suppose -54 = -n - n. Is (-8)/(-6)*n/6 composite?
True
Let b = -166 - -315. Is b prime?
True
Suppose 15*t - 11*t - 76 = 0. Is t a composite number?
False
Let i(t) = 2*t**2 + 9*t - 5. Is i(6) composite?
True
Suppose 3 = -2*y + 5*y. Let u be (372/(-9))/(y/(-6)). Suppose u = 4*q - 60. Is q a prime number?
False
Let v = 9 + -7. Suppose -10 - 10 = -v*z. Is z a prime number?
False
Let c(h) = -h**3 + 14*h**2 - 11*h + 4. Let y be c(12). Let k be (-1120)/15 + 1/(-3). Let u = k + y. Is u prime?
False
Let d = -13 + 122. Suppose 0 = 5*u - 336 - d. Is u prime?
True
Let w(h) = -h + 215. Is w(0) prime?
False
Suppose 5*v = -25, -5*a - 20 = v - 2*v. Let u(q) = -q**3 - 4*q**2 + 4*q + 5. Is u(a) a composite number?
True
Suppose -5*u + 92 - 7 = 0. Suppose 0 = -5*q + 28 + u. Suppose 0 = -2*i + 29 + q. Is i a prime number?
True
Suppose -3*h + p = -80, 4*h + 33 = -2*p + 143. Let c = h + 526. Is c composite?
True
Let y(k) = -237*k + 62. Is y(-13) composite?
True
Suppose 2*s = -5*n + 7*s + 400, 0 = -3*s - 9. Is n prime?
False
Suppose -3*i + 3*q + 183 = -0*q, -3*i = 3*q - 207. Is i prime?
False
Is (-7)/(35/(-1710)) - 3 a prime number?
False
Let w(v) = 196*v**2 + 4*v + 3. Is w(3) a composite number?
True
Let w(q) = -276*q**3 - 2*q**2 - q - 10. Is w(-3) composite?
True
Let a(f) = 13*f**2 + 7*f - 4. Let u be a(-6). Suppose -5*i + 3*i + u = 0. Is i a composite number?
False
Let r = 3 + -114. Is r*(2 - 21/9) a composite number?
False
Suppose -m + 2*g = 12, -16 = 2*m + g + 33. Let c = -10 - m. Let i(f) = f**3 - 11*f**2 - 10*f - 2. Is i(c) a composite number?
True
Suppose 2*k - 323 = 423. Is k a composite number?
False
Is 1*1/((-1)/(-479)) prime?
True
Suppose -2*g + 10 = 3*d - 14, 0 = -3*d + g + 15. Let s(t) = -9*t**2 + t + 8. Let c be s(d). Is c/(-4) + (-2)/4 a prime number?
False
Let v(o) = 200*o - 3. Let l(u) = -u**2 - 6*u. Let p be l(-5). Is v(p) prime?
True
Let s(g) = -73*g - 9. Let u(y) = -24*y - 3. Let p(m) = 2*s(m) - 7*u(m). Is p(5) a prime number?
True
Is (-2624)/(-14) - (-6)/(-14) composite?
True
Let k(i) = i**3 + 11*i**2 + 6*i - 9. Let j = 7 + -14. Is k(j) composite?
True
Let b(w) = w**2 + w + 19. Is b(-16) a composite number?
True
Suppose -1 = -2*v + 9. Suppose -a - 36 = -v*f - 99, -4*f = 4*a - 132. Is a composite?
True
Let l(i) = -51*i + 1. Let n be l(-3). Suppose -2 - 2 = -y. Suppose -o + y*k = -3*o + n, -3*o = 4*k - 233. Is o a prime number?
True
Suppose -3169 = 7*b - 19696. Is b composite?
True
Is (-1 + 0)*(-543 + 10) composite?
True
Suppose -952 = -5*x + 3. Is x composite?
False
Let a(q) = q**3 - 8*q**2 + 6*q + 2. Let t be a(6). Let v = t + 51. Let j = v - 3. Is j prime?
False
Suppose -15 = -0*h - 5*h. Let f(q) = 3*q**2 - 3*q + 3. Is f(h) a prime number?
False
Let s = 4 + -8. Suppose 0 = 4*j - 56 - 20. Let m = j + s. Is m a prime number?
False
Suppose -56 = -3*n - 8. Suppose -g + n = -4*b, 0 = -3*b - 5*g + 11 - 0. Is 40 - (3/b)/(-1) prime?
False
Let f(p) = -22*p + 3. Let k(q) = -1. Let n(a) = -f(a) - 2*k(a). Suppose 5*r - t = 3*t + 14, -r + 5*t - 14 = 0. Is n(r) a composite number?
False
Is (3 - 2)/(4/1988) a composite number?
True
Let r(c) = c - 1. Let n be r(3). Let b = 9 + n. Let w = 32 - b. Is w a prime number?
False
L